{"id":556,"date":"2020-12-04T16:27:22","date_gmt":"2020-12-04T15:27:22","guid":{"rendered":"https:\/\/redonautomobiles.com\/?post_type=product&#038;p=556"},"modified":"2020-12-04T16:28:23","modified_gmt":"2020-12-04T15:28:23","slug":"mercedes-classe-e211","status":"publish","type":"product","link":"https:\/\/redonautomobiles.com\/index.php\/product\/mercedes-classe-e211\/","title":{"rendered":"Mercedes Classe E211 :"},"content":{"rendered":"<p>Nous vendons une Mercedes Classe E 211 accident\u00e9e :<\/p>\n<p>_E 220 2.2 CDI<\/p>\n<p>_Ann\u00e9e 2005<\/p>\n<p>_192.000 kms<\/p>\n<p>_Jantes alu\/Airbags d\u00e9clench\u00e9s au volant\/Boite automatique<\/p>\n<p>Ce v\u00e9hicule est vendu uniquement aux professionnels de l\u2019automobile.<\/p>\n<p>&nbsp;<\/p>\n<p>Horaires d&rsquo;ouverture :<\/p>\n<p>Lundi 14h00-18h<\/p>\n<p>Mardi au Vendredi 8h30-12h00 et 14h00-18h<\/p>\n<p>Samedi 8h30-12h00<\/p>\n<p>ZA Dardenne 82240 SEPTFONDS 05 63 64 91 15 (Nous contacter de pr\u00e9f\u00e9rence par t\u00e9l\u00e9phone) recup.autos@wanadoo.fr<\/p>\n<p>&nbsp;<\/p>\n<p><img loading=\"lazy\" decoding=\"async\" class=\"alignnone size-medium wp-image-557\" src=\"https:\/\/redonautomobiles.com\/wp-content\/uploads\/2020\/12\/IMG_8336-300x240.jpg\" alt=\"\" width=\"300\" height=\"240\" \/> <img loading=\"lazy\" decoding=\"async\" class=\"alignnone size-medium wp-image-558\" src=\"https:\/\/redonautomobiles.com\/wp-content\/uploads\/2020\/12\/IMG_8338-300x240.jpg\" alt=\"\" width=\"300\" height=\"240\" \/><img loading=\"lazy\" decoding=\"async\" class=\"alignnone size-medium wp-image-559\" src=\"https:\/\/redonautomobiles.com\/wp-content\/uploads\/2020\/12\/IMG_8340-300x240.jpg\" alt=\"\" width=\"300\" height=\"240\" \/> <img loading=\"lazy\" decoding=\"async\" class=\"alignnone size-medium wp-image-560\" src=\"https:\/\/redonautomobiles.com\/wp-content\/uploads\/2020\/12\/IMG_9078-240x300.jpg\" alt=\"\" width=\"240\" height=\"300\" \/><\/p>\n","protected":false},"excerpt":{"rendered":"<p><img loading=\"lazy\" decoding=\"async\" class=\"alignnone size-medium wp-image-557\" src=\"https:\/\/redonautomobiles.com\/wp-content\/uploads\/2020\/12\/IMG_8336-300x240.jpg\" alt=\"\" width=\"300\" height=\"240\" \/><img loading=\"lazy\" decoding=\"async\" class=\"alignnone size-medium wp-image-560\" src=\"https:\/\/redonautomobiles.com\/wp-content\/uploads\/2020\/12\/IMG_9078-240x300.jpg\" alt=\"\" width=\"240\" height=\"300\" \/><img loading=\"lazy\" decoding=\"async\" class=\"alignnone size-medium wp-image-559\" src=\"https:\/\/redonautomobiles.com\/wp-content\/uploads\/2020\/12\/IMG_8340-300x240.jpg\" alt=\"\" width=\"300\" height=\"240\" \/><\/p>\n","protected":false},"featured_media":557,"comment_status":"closed","ping_status":"closed","template":"","meta":[],"yoast_head":"<!-- This site is optimized with the Yoast SEO plugin v14.3 - https:\/\/yoast.com\/wordpress\/plugins\/seo\/ -->\n<title>Mercedes Classe E211 : - Redon Automobiles<\/title>\n<meta name=\"robots\" content=\"index, follow\" \/>\n<meta name=\"googlebot\" content=\"index, follow, max-snippet:-1, max-image-preview:large, max-video-preview:-1\" \/>\n<meta name=\"bingbot\" content=\"index, follow, max-snippet:-1, max-image-preview:large, max-video-preview:-1\" \/>\n<link rel=\"canonical\" href=\"https:\/\/redonautomobiles.com\/index.php\/product\/mercedes-classe-e211\/\" \/>\n<meta property=\"og:locale\" content=\"fr_FR\" \/>\n<meta property=\"og:type\" content=\"article\" \/>\n<meta property=\"og:title\" content=\"Mercedes Classe E211 : - Redon Automobiles\" \/>\n<meta property=\"og:url\" content=\"https:\/\/redonautomobiles.com\/index.php\/product\/mercedes-classe-e211\/\" \/>\n<meta property=\"og:site_name\" content=\"Redon Automobiles\" \/>\n<meta property=\"article:modified_time\" content=\"2020-12-04T15:28:23+00:00\" \/>\n<meta property=\"og:image\" content=\"https:\/\/redonautomobiles.com\/wp-content\/uploads\/2020\/12\/IMG_8336-rotated.jpg\" \/>\n\t<meta property=\"og:image:width\" content=\"320\" \/>\n\t<meta property=\"og:image:height\" content=\"240\" \/>\n<meta name=\"twitter:card\" content=\"summary_large_image\" \/>\n<script type=\"application\/ld+json\" class=\"yoast-schema-graph\">{\"@context\":\"https:\/\/schema.org\",\"@graph\":[{\"@type\":\"WebSite\",\"@id\":\"https:\/\/redonautomobiles.com\/#website\",\"url\":\"https:\/\/redonautomobiles.com\/\",\"name\":\"Redon Automobiles\",\"description\":\"Casse Automobile \\u00e0 Septfonds\",\"potentialAction\":[{\"@type\":\"SearchAction\",\"target\":\"https:\/\/redonautomobiles.com\/?s={search_term_string}\",\"query-input\":\"required name=search_term_string\"}],\"inLanguage\":\"fr-FR\"},{\"@type\":\"ImageObject\",\"@id\":\"https:\/\/redonautomobiles.com\/index.php\/product\/mercedes-classe-e211\/#primaryimage\",\"inLanguage\":\"fr-FR\",\"url\":\"https:\/\/redonautomobiles.com\/wp-content\/uploads\/2020\/12\/IMG_8336-rotated.jpg\",\"width\":320,\"height\":240},{\"@type\":\"WebPage\",\"@id\":\"https:\/\/redonautomobiles.com\/index.php\/product\/mercedes-classe-e211\/#webpage\",\"url\":\"https:\/\/redonautomobiles.com\/index.php\/product\/mercedes-classe-e211\/\",\"name\":\"Mercedes Classe E211 : - Redon Automobiles\",\"isPartOf\":{\"@id\":\"https:\/\/redonautomobiles.com\/#website\"},\"primaryImageOfPage\":{\"@id\":\"https:\/\/redonautomobiles.com\/index.php\/product\/mercedes-classe-e211\/#primaryimage\"},\"datePublished\":\"2020-12-04T15:27:22+00:00\",\"dateModified\":\"2020-12-04T15:28:23+00:00\",\"inLanguage\":\"fr-FR\",\"potentialAction\":[{\"@type\":\"ReadAction\",\"target\":[\"https:\/\/redonautomobiles.com\/index.php\/product\/mercedes-classe-e211\/\"]}]}]}<\/script>\n<!-- \/ Yoast SEO plugin. -->","_links":{"self":[{"href":"https:\/\/redonautomobiles.com\/index.php\/wp-json\/wp\/v2\/product\/556"}],"collection":[{"href":"https:\/\/redonautomobiles.com\/index.php\/wp-json\/wp\/v2\/product"}],"about":[{"href":"https:\/\/redonautomobiles.com\/index.php\/wp-json\/wp\/v2\/types\/product"}],"replies":[{"embeddable":true,"href":"https:\/\/redonautomobiles.com\/index.php\/wp-json\/wp\/v2\/comments?post=556"}],"wp:featuredmedia":[{"embeddable":true,"href":"https:\/\/redonautomobiles.com\/index.php\/wp-json\/wp\/v2\/media\/557"}],"wp:attachment":[{"href":"https:\/\/redonautomobiles.com\/index.php\/wp-json\/wp\/v2\/media?parent=556"}],"curies":[{"name":"wp","href":"https:\/\/api.w.org\/{rel}","templated":true}]}}

<p>Nous vendons une Mercedes Classe E 211 accidentée :</p>
<p>_E 220 2.2 CDI</p>
<p>_Année 2005</p>
<p>_192.000 kms</p>
<p>_Jantes alu/Airbags déclenchés au volant/Boite automatique</p>
<p>Ce véhicule est vendu uniquement aux professionnels de l’automobile.</p>
<p>&nbsp;</p>
<p>Horaires d&rsquo;ouverture :</p>
<p>Lundi 14h00-18h</p>
<p>Mardi au Vendredi 8h30-12h00 et 14h00-18h</p>
<p>Samedi 8h30-12h00</p>
<p>ZA Dardenne 82240 SEPTFONDS 05 63 64 91 15 (Nous contacter de préférence par téléphone) recup.autos@wanadoo.fr</p>
<p>&nbsp;</p>
<p><img loading="lazy" decoding="async" class="alignnone size-medium wp-image-557" src="https://redonautomobiles.com/wp-content/uploads/2020/12/IMG_8336-300x240.jpg" alt="" width="300" height="240" /> <img loading="lazy" decoding="async" class="alignnone size-medium wp-image-558" src="https://redonautomobiles.com/wp-content/uploads/2020/12/IMG_8338-300x240.jpg" alt="" width="300" height="240" /><img loading="lazy" decoding="async" class="alignnone size-medium wp-image-559" src="https://redonautomobiles.com/wp-content/uploads/2020/12/IMG_8340-300x240.jpg" alt="" width="300" height="240" /> <img loading="lazy" decoding="async" class="alignnone size-medium wp-image-560" src="https://redonautomobiles.com/wp-content/uploads/2020/12/IMG_9078-240x300.jpg" alt="" width="240" height="300" /></p>
