{"id":561,"date":"2020-12-04T16:35:54","date_gmt":"2020-12-04T15:35:54","guid":{"rendered":"https:\/\/redonautomobiles.com\/?post_type=product&#038;p=561"},"modified":"2020-12-04T16:35:54","modified_gmt":"2020-12-04T15:35:54","slug":"fiat-500","status":"publish","type":"product","link":"https:\/\/redonautomobiles.com\/index.php\/product\/fiat-500\/","title":{"rendered":"Fiat 500 :"},"content":{"rendered":"<p>Nous vendons une Fiat 500 :<\/p>\n<p>_Multijet 16 pop<\/p>\n<p>_1.3L<\/p>\n<p>_Ann\u00e9e 2009<\/p>\n<p>_180.000 kms<\/p>\n<p>_Choc avant, Airbags non d\u00e9clench\u00e9s<\/p>\n<p>&nbsp;<\/p>\n<p>Ce v\u00e9hicule est vendu uniquement aux professionnels de l\u2019automobile.<\/p>\n<p>&nbsp;<\/p>\n<p>Horaires d&rsquo;ouverture :<\/p>\n<p>Lundi 14h00-18h<\/p>\n<p>Mardi au Vendredi 8h30-12h00 et 14h00-18h<\/p>\n<p>Samedi 8h30-12h00<\/p>\n<p>&nbsp;<\/p>\n<p>ZA Dardenne 82240 SEPTFONDS 05 63 64 91 15 (Nous contacter de pr\u00e9f\u00e9rence par t\u00e9l\u00e9phone) recup.autos@wanadoo.fr<\/p>\n<p>&nbsp;<\/p>\n<p><img loading=\"lazy\" decoding=\"async\" class=\"alignnone size-medium wp-image-562\" src=\"https:\/\/redonautomobiles.com\/wp-content\/uploads\/2020\/12\/IMG_8678-240x300.jpg\" alt=\"\" width=\"240\" height=\"300\" \/> <img loading=\"lazy\" decoding=\"async\" class=\"alignnone size-medium wp-image-563\" src=\"https:\/\/redonautomobiles.com\/wp-content\/uploads\/2020\/12\/IMG_8705-240x300.jpg\" alt=\"\" width=\"240\" height=\"300\" \/> <img loading=\"lazy\" decoding=\"async\" class=\"alignnone size-medium wp-image-564\" src=\"https:\/\/redonautomobiles.com\/wp-content\/uploads\/2020\/12\/IMG_8706-300x240.jpg\" alt=\"\" width=\"300\" height=\"240\" \/> <img loading=\"lazy\" decoding=\"async\" class=\"alignnone size-medium wp-image-565\" src=\"https:\/\/redonautomobiles.com\/wp-content\/uploads\/2020\/12\/IMG_8707-300x240.jpg\" alt=\"\" width=\"300\" height=\"240\" \/> <img loading=\"lazy\" decoding=\"async\" class=\"alignnone size-medium wp-image-566\" src=\"https:\/\/redonautomobiles.com\/wp-content\/uploads\/2020\/12\/IMG_8708-240x300.jpg\" alt=\"\" width=\"240\" height=\"300\" \/> <img loading=\"lazy\" decoding=\"async\" class=\"alignnone size-medium wp-image-567\" src=\"https:\/\/redonautomobiles.com\/wp-content\/uploads\/2020\/12\/IMG_8673-300x240.jpg\" alt=\"\" width=\"300\" height=\"240\" \/><\/p>\n","protected":false},"excerpt":{"rendered":"<p><img loading=\"lazy\" decoding=\"async\" class=\"alignnone size-medium wp-image-566\" src=\"https:\/\/redonautomobiles.com\/wp-content\/uploads\/2020\/12\/IMG_8708-240x300.jpg\" alt=\"\" width=\"240\" height=\"300\" \/><img loading=\"lazy\" decoding=\"async\" class=\"alignnone size-medium wp-image-567\" src=\"https:\/\/redonautomobiles.com\/wp-content\/uploads\/2020\/12\/IMG_8673-300x240.jpg\" alt=\"\" width=\"300\" height=\"240\" \/><img loading=\"lazy\" decoding=\"async\" class=\"alignnone size-medium wp-image-565\" src=\"https:\/\/redonautomobiles.com\/wp-content\/uploads\/2020\/12\/IMG_8707-300x240.jpg\" alt=\"\" width=\"300\" height=\"240\" \/><img loading=\"lazy\" decoding=\"async\" class=\"alignnone size-medium wp-image-564\" src=\"https:\/\/redonautomobiles.com\/wp-content\/uploads\/2020\/12\/IMG_8706-300x240.jpg\" alt=\"\" width=\"300\" height=\"240\" \/><img loading=\"lazy\" decoding=\"async\" class=\"alignnone size-medium wp-image-563\" src=\"https:\/\/redonautomobiles.com\/wp-content\/uploads\/2020\/12\/IMG_8705-240x300.jpg\" alt=\"\" width=\"240\" height=\"300\" \/><img loading=\"lazy\" decoding=\"async\" class=\"alignnone size-medium wp-image-562\" src=\"https:\/\/redonautomobiles.com\/wp-content\/uploads\/2020\/12\/IMG_8678-240x300.jpg\" alt=\"\" width=\"240\" height=\"300\" \/><\/p>\n","protected":false},"featured_media":566,"comment_status":"closed","ping_status":"closed","template":"","meta":[],"yoast_head":"<!-- This site is optimized with the Yoast SEO plugin v14.3 - https:\/\/yoast.com\/wordpress\/plugins\/seo\/ -->\n<title>Fiat 500 : - Redon Automobiles<\/title>\n<meta name=\"robots\" content=\"index, follow\" \/>\n<meta name=\"googlebot\" content=\"index, follow, max-snippet:-1, max-image-preview:large, max-video-preview:-1\" \/>\n<meta name=\"bingbot\" content=\"index, follow, max-snippet:-1, max-image-preview:large, max-video-preview:-1\" \/>\n<link rel=\"canonical\" href=\"https:\/\/redonautomobiles.com\/index.php\/product\/fiat-500\/\" \/>\n<meta property=\"og:locale\" content=\"fr_FR\" \/>\n<meta property=\"og:type\" content=\"article\" \/>\n<meta property=\"og:title\" content=\"Fiat 500 : - Redon Automobiles\" \/>\n<meta property=\"og:url\" content=\"https:\/\/redonautomobiles.com\/index.php\/product\/fiat-500\/\" \/>\n<meta property=\"og:site_name\" content=\"Redon Automobiles\" \/>\n<meta property=\"og:image\" content=\"https:\/\/redonautomobiles.com\/wp-content\/uploads\/2020\/12\/IMG_8708.jpg\" \/>\n\t<meta property=\"og:image:width\" content=\"240\" \/>\n\t<meta property=\"og:image:height\" content=\"320\" \/>\n<meta name=\"twitter:card\" content=\"summary_large_image\" \/>\n<script type=\"application\/ld+json\" class=\"yoast-schema-graph\">{\"@context\":\"https:\/\/schema.org\",\"@graph\":[{\"@type\":\"WebSite\",\"@id\":\"https:\/\/redonautomobiles.com\/#website\",\"url\":\"https:\/\/redonautomobiles.com\/\",\"name\":\"Redon Automobiles\",\"description\":\"Casse Automobile \\u00e0 Septfonds\",\"potentialAction\":[{\"@type\":\"SearchAction\",\"target\":\"https:\/\/redonautomobiles.com\/?s={search_term_string}\",\"query-input\":\"required name=search_term_string\"}],\"inLanguage\":\"fr-FR\"},{\"@type\":\"ImageObject\",\"@id\":\"https:\/\/redonautomobiles.com\/index.php\/product\/fiat-500\/#primaryimage\",\"inLanguage\":\"fr-FR\",\"url\":\"https:\/\/redonautomobiles.com\/wp-content\/uploads\/2020\/12\/IMG_8708.jpg\",\"width\":240,\"height\":320},{\"@type\":\"WebPage\",\"@id\":\"https:\/\/redonautomobiles.com\/index.php\/product\/fiat-500\/#webpage\",\"url\":\"https:\/\/redonautomobiles.com\/index.php\/product\/fiat-500\/\",\"name\":\"Fiat 500 : - Redon Automobiles\",\"isPartOf\":{\"@id\":\"https:\/\/redonautomobiles.com\/#website\"},\"primaryImageOfPage\":{\"@id\":\"https:\/\/redonautomobiles.com\/index.php\/product\/fiat-500\/#primaryimage\"},\"datePublished\":\"2020-12-04T15:35:54+00:00\",\"dateModified\":\"2020-12-04T15:35:54+00:00\",\"inLanguage\":\"fr-FR\",\"potentialAction\":[{\"@type\":\"ReadAction\",\"target\":[\"https:\/\/redonautomobiles.com\/index.php\/product\/fiat-500\/\"]}]}]}<\/script>\n<!-- \/ Yoast SEO plugin. -->","_links":{"self":[{"href":"https:\/\/redonautomobiles.com\/index.php\/wp-json\/wp\/v2\/product\/561"}],"collection":[{"href":"https:\/\/redonautomobiles.com\/index.php\/wp-json\/wp\/v2\/product"}],"about":[{"href":"https:\/\/redonautomobiles.com\/index.php\/wp-json\/wp\/v2\/types\/product"}],"replies":[{"embeddable":true,"href":"https:\/\/redonautomobiles.com\/index.php\/wp-json\/wp\/v2\/comments?post=561"}],"wp:featuredmedia":[{"embeddable":true,"href":"https:\/\/redonautomobiles.com\/index.php\/wp-json\/wp\/v2\/media\/566"}],"wp:attachment":[{"href":"https:\/\/redonautomobiles.com\/index.php\/wp-json\/wp\/v2\/media?parent=561"}],"curies":[{"name":"wp","href":"https:\/\/api.w.org\/{rel}","templated":true}]}}